ivisor of 21 and m.
21
Suppose -y = c - 163, 2*c - 133 = -3*y + 196. Calculate the highest common factor of 8 and c.
8
Suppose 5*h = -4*k + 1395, -227 - 8 = -h + 8*k. What is the greatest common factor of 11 and h?
11
Let w be (0 - 96)*(24 - 27). Calculate the greatest common divisor of 9 and w.
9
Let m be ((-56)/(-12))/(-7) + 70/6. Let j = m - 1. Suppose -31 = -h - 4*d - 1, 2*h = 4*d. What is the greatest common divisor of h and j?
10
Suppose -k = 14 - 106. Suppose d + 17 - k = 0. Calculate the greatest common factor of d and 30.
15
Let x(g) = 3*g**2 - 44*g + 347. Let r be x(19). Calculate the highest common divisor of r and 132.
66
Let u(q) = 14*q**2 + 3*q - 4. Let p be u(-4). Suppose -21*k + 19*k = 1074. Let m be 17/7 - 2 - k/21. What is the highest common divisor of p and m?
26
Suppose -45 = -5*q - 3*t, 29 + 39 = 4*q - 4*t. Let n = 150 - -30. Suppose r = 3*g - 292, 0 = 2*g - r + 4*r - n. Calculate the highest common divisor of q and g.
12
Suppose v = 5*i - 1277, 5*i + 0*v + 4*v = 1267. Suppose 237 = 4*c - g, -c + 5*g - i = -5*c. Calculate the greatest common factor of 15 and c.
15
Let r = 9 + -5. Suppose z = -q + 19, -r*z + 5*q + 91 = -3. Let d be ((-10)/(-15))/2*189. Calculate the highest common divisor of d and z.
21
Suppose 3*z - 20 = -2*z. Suppose -3*a + z*n + 28 = 0, -5*a - 3*n = -0*n - 8. Let u = 6 - a. Calculate the highest common factor of 6 and u.
2
Let d be (-82)/(-7) + (-4)/(-14). Suppose l = 3*a + d, -4*l = 4*a - 46 - 2. Calculate the greatest common factor of l and 18.
6
Suppose -2*y + 2*g = -78, -2*g = 5*y - 54 - 120. Calculate the greatest common factor of 156 and y.
12
Suppose 246 + 42 = 12*c. What is the highest common factor of c and 120?
24
Let r(y) = y**3 - 8*y**2 - 14*y + 4. Let l be r(10). What is the greatest common factor of l and 32?
32
Let f = 38 - 5. Calculate the greatest common divisor of 297 and f.
33
Let r(u) = -u**3 + 20*u**2 + 31*u - 21. Let a be r(21). Suppose -87*p + a = -84*p. Calculate the greatest common factor of p and 14.
7
Suppose -3*s + 2*s = 4. Let q(u) = -u + 1. Let b be q(s). Suppose -b*i + 392 + 268 = 0. What is the highest common factor of 12 and i?
12
Suppose 576 + 414 = 11*l. What is the greatest common divisor of 780 and l?
30
Let o = 2 - -2. Suppose -g - o*g + 65 = 0. Calculate the greatest common divisor of g and 26.
13
Let h be ((-12375)/(-10))/(-11)*8/(-10). Calculate the highest common divisor of 10 and h.
10
Suppose -5*v = -4*f - 5, 2*v + 5 = 3*f - 0. Suppose 0 = -0*j - f*j + 20. Suppose j*r - 922 = -278. What is the highest common divisor of 23 and r?
23
Let g be 21 + -12 + (-10)/(-5). Let z = -46 + 20. Let q = 48 + z. What is the greatest common divisor of q and g?
11
Suppose -3*g = 4*z - 28, 2*z + 4*g - 7 = 17. Suppose 5*u = 3*h + 68, u = z*u + 5*h - 34. Calculate the greatest common divisor of 52 and u.
13
Let n be (-1 + 0)*(2 + (-2 - 0)). Suppose n*k - 2*k = -34. What is the greatest common factor of 85 and k?
17
Suppose -3*o = 2*o - 3*m - 67, -3*o + 13 = 5*m. Let i be o*(4 - (-1 + 4)). Suppose 4 = -3*u + 7. Calculate the greatest common factor of u and i.
1
Suppose 3*q - 324 = -0*q. Let s = -2597 + 2606. Calculate the highest common factor of s and q.
9
Let o = 2408 - 2387. Calculate the greatest common divisor of o and 385.
7
Suppose 4*m = -5*k + 45, m - 17 = -m + 3*k. Let w(y) = 48*y**2 - 2*y + 4. Let q be w(1). Calculate the highest common factor of q and m.
10
Let l be (4 + 69/(-18))*-4*-36. Suppose l*a = 32*a - 240. Calculate the highest common factor of a and 40.
10
Let q be ((-16)/(-6))/((-14567)/(-1617) + -9). What is the greatest common factor of q and 56?
28
Suppose -4*j + 7 = -a, -2*j - 1 - 2 = -a. Calculate the highest common factor of a and 26.
13
Let s(w) = 61*w + 263. Let v be s(-3). Calculate the highest common factor of 880 and v.
80
Let i be 5/40 - (-2421)/24. Suppose 31 = -7*s + i. What is the greatest common factor of s and 110?
10
Let h = 21 - 13. Suppose 5*p + 2*j = 408, 316 = p + 3*p - j. What is the greatest common divisor of p and h?
8
Suppose 3*a - 140 = -4*k, -4*a + 72 = 2*k - 3*a. Calculate the greatest common divisor of 475 and k.
19
Let s be -1*2*(-15)/10. Suppose q - 4*x = 168, s*x = -q - 31 + 178. What is the greatest common factor of 12 and q?
12
Let w be 4474/14 - (4/28)/(2/8). Let t(l) = l**3 - l**2 + 5*l - 4. Let s be t(3). Calculate the greatest common factor of w and s.
29
Let m = 660 - 605. Calculate the greatest common factor of m and 165.
55
Let v(t) = -2*t**2 + 47*t - 73. Let c be v(21). What is the highest common divisor of c and 112?
16
Let c be 43 + 3/1 + -1. Suppose v = -4*o + 71, 2*v - 4*v - 5*o = -145. Let t be 12/18 + v/9. What is the highest common divisor of c and t?
9
Suppose 24 = 4*i + 3*x - 5, 0 = i - x - 2. Suppose 5*f - 180 = -i. Let y = 60 - f. What is the highest common factor of 10 and y?
5
Suppose 30*m = 20*m + 630. What is the greatest common factor of 45 and m?
9
Suppose 3*c = -3*n + 36, 0 = -4*c + n + 37 + 31. What is the greatest common divisor of c and 2?
2
Let a(b) = b**3 + 16*b**2 - b - 4. Let p be a(-16). Suppose 153 = 2*y + 5*k, 3*y - 5*k + 88 = 355. What is the greatest common factor of p and y?
12
Suppose -6*h + 2*h = 4*z - 148, h - 173 = -5*z. What is the greatest common factor of 442 and z?
34
Suppose -1 = -k + 65. Suppose -5*g + 2*g = -k. What is the greatest common divisor of g and 22?
22
Let g(s) = -s**2 + 8. Let z = 2 - 2. Let v be g(z). Suppose -4*t = y - 40, 104*y - t - 8 = 102*y. Calculate the greatest common divisor of v and y.
8
Suppose -p - 8 = -3*h + 2*h, 3*p = -2*h - 4. Let f = -924 + 960. Calculate the highest common divisor of h and f.
4
Suppose -k - 52 = -19. Let v be 3/(k/2) - 2093/(-77). What is the highest common factor of v and 243?
27
Let c = 39 - 61. Let u be (-708)/c - 2 - (-28)/(-154). What is the greatest common factor of 15 and u?
15
Suppose 3*t - 144 = 2*i, 2*t = -4*i + 167 - 71. What is the highest common divisor of t and 12?
12
Suppose -1076 = -13*i - 218. What is the greatest common factor of 18 and i?
6
Let i(g) = 160*g - 182. Let r be i(13). What is the greatest common factor of r and 146?
146
Let g = -802 + 922. Calculate the highest common factor of g and 2760.
120
Suppose -8*y + 12*y + 18 = -o, 2*y = -12. Let s be (-15)/1*8/(-1). What is the highest common divisor of o and s?
6
Let p(s) = 5*s + 37. Let r be p(-6). Let v(q) = -q**3 - 3*q**2 + 5*q - 8. Let l be v(-6). What is the greatest common divisor of l and r?
7
Suppose -2 - 3 = m, -2*z + 5*m = -53. Let f be 112 + 3 + -2 + -1. Calculate the greatest common divisor of z and f.
14
Let b = 914 + -629. What is the greatest common factor of b and 30?
15
Let w(s) = -s**3 - s**2 + 47*s + 161. Let g be w(-7). Calculate the highest common factor of 522 and g.
18
Suppose 9*c + 461 = 10*c + 5*l, -5*l = 4*c - 1829. Calculate the greatest common divisor of c and 36.
12
Let m be -13*(-2)/(-3)*(-15)/10. Suppose -14*c + 14 = -m*c. What is the greatest common divisor of c and 63?
7
Let d = 29 - -19. Let w = -18 + d. What is the highest common divisor of w and 10?
10
Let m be (-35)/(-45) + 2/9. Let c be (2 - (-2 - -1))*(-75)/(-45). Calculate the greatest common divisor of m and c.
1
Suppose -2*c = -3*c + 5*t + 113, t = c - 109. What is the greatest common divisor of c and 81?
27
Suppose 0 = 5*o + 3*w + 242, 3*w - 81 - 45 = 3*o. Let l be o/5*(-6 + 66)/(-3). Calculate the highest common factor of l and 23.
23
Let b(u) = -u**2. Let l be b(4). Let g = 9 + l. Let z be 3231/63 - (-2)/g. What is the greatest common factor of 17 and z?
17
Let f = -436 - -490. What is the greatest common factor of 306 and f?
18
Let t(f) = -4*f - 6. Let r be t(-2). Suppose r*c = 3*c - 286. What is the greatest common divisor of c and 26?
26
Let u be 1 + -1 + (5 + 2 - 9). Let x(w) = 27*w**2 + 3*w + 3. Let v be x(u). Calculate the highest common factor of 15 and v.
15
Let r(x) = x**2 + 3*x - 82. Let w be r(11). Calculate the greatest common factor of w and 9.
9
Suppose -4*t + 1 = 5. Let k be ((-3)/3)/t*4. What is the highest common divisor of 4 and k?
4
Let g(q) = 13*q + 197. Let t be g(-9). Calculate the highest common factor of 240 and t.
80
Let c(z) = z**2 + 9*z - 29. Let b be c(-15). Suppose b + 209 = 3*g. Calculate the greatest common divisor of 10 and g.
1